 3
Let d = 41 - 24. Suppose -q + t = 4*q - 5, -4*q + 5*t - d = 0. Suppose 0 = w - 5 - q. List the prime factors of w.
7
List the prime factors of 3*(24 - 1/1).
3, 23
Suppose 4*u + 76 = 4*c, -3*c = -2*c + 2*u - 16. Suppose 4*d + c = 2*d. Let j = -6 - d. What are the prime factors of j?
3
Let b = -55 + 84. What are the prime factors of b?
29
Let x(c) = -c + 5. Let q be (-6)/27 - 47/(-9). Let g(j) = -j + 4. Let b(s) = q*x(s) - 6*g(s). What are the prime factors of b(1)?
2
Let a(z) = 10*z**2 + 1. Suppose 2*p = p. Suppose 4*t - 3 - 1 = p. What are the prime factors of a(t)?
11
Let w(z) = -z - 1. Let v be w(-2). Let b = 7 + v. List the prime factors of b.
2
What are the prime factors of (25/5)/(-5) + 115?
2, 3, 19
Let q(y) = y**2 + 6*y + 5. What are the prime factors of q(-10)?
3, 5
Suppose -10 = 5*p, -3*v + 206 = 2*v - 3*p. What are the prime factors of v?
2, 5
Suppose 3*n + 2*a = 4, -n = -0*n - 5*a + 10. Suppose 4*f + n = 24. What are the prime factors of f?
2, 3
Let l(s) be the third derivative of -s**4/24 + s**3/2 - 2*s**2. Let c be l(3). Suppose c*t - 18 = -t. What are the prime factors of t?
2, 3
Suppose k - 56 = -2*b, 3*k = -2*k + 2*b + 232. What are the prime factors of k?
2, 3
Let l(k) be the first derivative of k**3/3 + k**2 - k + 4. List the prime factors of l(-5).
2, 7
Let l(j) = -j**3 + 12*j**2 + 3*j + 18. What are the prime factors of l(10)?
2, 31
List the prime factors of 43 - (4 - (-3 - -3)).
3, 13
Suppose 5*g = 5*q - 20, -g - 2 - 20 = -4*q. What are the prime factors of q?
2, 3
Suppose 8*k - 1353 = 815. What are the prime factors of k?
271
Let k = -5 + 9. Suppose -5*c - 30 = -4*s + 3*s, k*s = c + 6. Let o = c + 13. List the prime factors of o.
7
Suppose 0 = 7*s - 138 - 681. What are the prime factors of s?
3, 13
Let u = -4 + 1. List the prime factors of u/(2/(-8)*6).
2
Let o be ((-30)/9)/((-4)/18). Let a = o + -9. What are the prime factors of a?
2, 3
Let u = -59 + 145. List the prime factors of u.
2, 43
Let n(w) = -3*w - 4. Let z be n(-3). Suppose k + 0*k - z = 0. What are the prime factors of k?
5
Suppose 31 = 3*o + 2*f - f, -5*f = 2*o - 25. What are the prime factors of o?
2, 5
List the prime factors of 309/(2 - (-3 + 4)).
3, 103
Let c(p) = -3*p**3 - 2*p**2 - p. Let z be c(-1). Suppose o = -0*o + z. Let h = o - -3. What are the prime factors of h?
5
List the prime factors of ((-3)/2)/((-69)/5198).
113
List the prime factors of 28/(3 - 1) - -2.
2
What are the prime factors of 7*7 - (7 + -8)?
2, 5
Let p(z) = -z**3 + 4*z**2 - 2*z. Let g = 3 - 1. Let d be p(g). Suppose 0 = -l + 2*i + 2*i - 11, 3*l = d*i - 1. What are the prime factors of l?
5
Let j(g) = 2 - g - 1 - 3. Let r be j(-4). Suppose 5*b = 3*i - 43, 0 = 3*i - 3*b - 41 + r. What are the prime factors of i?
11
Let o = 13 + 27. What are the prime factors of o?
2, 5
Let m be 4/22 - (-106)/22. Suppose 0 = 4*f - 0 + 12, -3*s + m*f + 66 = 0. Suppose 2*x - 5 = s. List the prime factors of x.
11
Let b(l) = -6*l. Let z be b(1). Let u be (-11 + -1)*3/z. Suppose 0 = -4*t - 3*p + u*p + 87, 5*t = 2*p + 100. List the prime factors of t.
2, 3
Let i be (-1)/((-1)/(-1)) + -2. Let z = i + 9. Let q(n) = -n + 8. List the prime factors of q(z).
2
Suppose 5*x - 128 + 46 = 4*d, d = x - 16. Let p = -9 + x. List the prime factors of p.
3
Suppose -9*p = -5*p - 64. What are the prime factors of p?
2
What are the prime factors of 3/(-18) - 338/(-12)?
2, 7
Let h(m) = m + 16. Let a be h(-8). Suppose -2*f = a - 38. Suppose 18 = 2*q - 2*b, -3*b + f = -8*b. What are the prime factors of q?
2, 3
Suppose 0 = -j - 12 - 2. Let v = 32 + j. List the prime factors of v.
2, 3
Suppose 0 = -82*y + 81*y + 328. What are the prime factors of y?
2, 41
List the prime factors of (0 - 4)/((-2)/19).
2, 19
Suppose -7*z - 8 = -11*z. Suppose -u = -z - 1. What are the prime factors of u?
3
Suppose 0 = 2*h - 4*i + 58, -3*i + 38 = -h + 7. Let l = h - -53. What are the prime factors of l/16 + (-1)/(-4)?
2
Suppose -2*n + 18 + 12 = 0. Let i = n + -8. Let u = i - -9. What are the prime factors of u?
2
Let k(f) = 15*f**2 - 1. Let z be (-3)/(-4) + 2/8. Let m be k(z). List the prime factors of 10/(-35) - (-102)/m.
7
Let i(k) = -11*k**2 + 18*k + 14. Let n(z) = 4*z**2 - 6*z - 5. Let o(s) = -3*i(s) - 8*n(s). What are the prime factors of o(7)?
5
Let l be 2 + 1 + 0 + -2. What are the prime factors of l + -2 - -3*6?
17
Let l = 27 - -7. What are the prime factors of l?
2, 17
Suppose 2*t = 3*t - 2. Suppose 5*m - i = 3*m + 20, -t*i = 4*m - 40. What are the prime factors of m?
2, 5
Let f(b) = b**3 - 2*b**2 + 2*b + 1. Suppose 0*k = 2*k - 6. List the prime factors of f(k).
2
Let z = 32 - 21. Let q = -4 + z. What are the prime factors of q?
7
Let l = -36 - -26. Suppose 4*m - 4 = -40. List the prime factors of l/(-6) - 3/m.
2
Suppose -34 = -0*g + 2*g. Let c be (3/1)/((-3)/10). Let h = c - g. What are the prime factors of h?
7
Let w = 16 + 5. List the prime factors of w.
3, 7
Let g = -16 - -5. Let b = -5 - g. Let s = b + -1. List the prime factors of s.
5
Let i(s) = -5*s**3 + 7*s**2. Let l(z) = z**2. Let u(o) = i(o) - 6*l(o). List the prime factors of u(-1).
2, 3
List the prime factors of 52 + -1 - (17 + -5)/(-6).
53
Let q be -1 - -2 - -1*1. List the prime factors of ((-1)/(-1))/(q/10).
5
Let o = 120 + -82. What are the prime factors of o?
2, 19
Let z = -4 - -7. Suppose z*i - 2 - 25 = -2*v, 0 = -3*v. List the prime factors of i.
3
Let n = -46 + 90. List the prime factors of n.
2, 11
Let r be 1/(-5) + 62/10. Let n = 18 - r. List the prime factors of n.
2, 3
Let n(h) = h**3 - h. What are the prime factors of n(5)?
2, 3, 5
List the prime factors of 10/(-5)*2 - -55.
3, 17
Let m(b) be the third derivative of b**5/60 - b**4/6 - b**3 - 3*b**2. Let z = -3 + 9. List the prime factors of m(z).
2, 3
Suppose -2*o = -0*o - 6. What are the prime factors of 8/o*(-21)/(-14)?
2
Suppose 34*y - 966 = 31*y. List the prime factors of y.
2, 7, 23
Let h = 15 + -9. Suppose i = h*i - 5. List the prime factors of i + -1 - 18/(-2).
3
Let l(c) = c**2 + 4*c - 2. What are the prime factors of l(4)?
2, 3, 5
Let j(p) = p**3 + 6*p**2 - p - 4. Let w be j(-6). Let a be 2*1*(w + 22). Suppose 0 = 5*b - b - a. What are the prime factors of b?
2, 3
Suppose 10 = 4*q + 2. Suppose -4 = -a - 0*a. Let k = a - q. List the prime factors of k.
2
Let u = 4 - 4. Suppose u = -2*s - s + 6. What are the prime factors of (1 - s)/(1/(-7))?
7
Let y(a) be the first derivative of -5*a**4/8 - a**3/6 - 2*a**2 + 2. Let q(u) be the second derivative of y(u). What are the prime factors of q(-1)?
2, 7
Let f = 28 + -18. List the prime factors of f.
2, 5
Suppose 3*b - 17 = 7. Let w = b + -13. Let i = w + 20. List the prime factors of i.
3, 5
Suppose -2*k + 5*k = -n + 26, 5*k = 0. List the prime factors of n.
2, 13
Let h(f) = f**2 - f + 11. Suppose -2*c - 5*j = 5, 0 = -5*c - j - 5 + 4. What are the prime factors of h(c)?
11
Let f = 21 + -18. What are the prime factors of f?
3
Let c = -10 + 22. What are the prime factors of c?
2, 3
Let y(i) = 6*i**2 - 2*i + 1. Let x be y(1). Suppose -6 = x*o + 54. What are the prime factors of (1*-8)/(8/o)?
2, 3
Suppose 0 = -2*x - 5*x - 217. What are the prime factors of (-13 - -12)/(1/x)?
31
Let a = 0 - 4. Let g = a - -8. What are the prime factors of g?
2
Let a = -9 + 5. Let l = a + 3. What are the prime factors of ((-4)/(-10))/(l/(-20))?
2
Let t = -4 + 8. Suppose 5*q - d = 53, 5*d = -t*q + 13 + 12. Suppose 4*u + 2 - q = 0. What are the prime factors of u?
2
Let x be (-24)/(-1) + 2*1. Suppose 0*o = 2*o - x. List the prime factors of o.
13
Let j = -29 + 34. Suppose j*p - 99 = -4*s, p = -3*s + 54 + 34. What are the prime factors of s?
31
Let h(z) = 17*z**2 + 5*z + 4. List the prime factors of h(-2).
2, 31
Suppose 0 = 4*u + 3*o - 262, 7 = -4*o - 1. What are the prime factors of u?
67
Let p be 16/(-6)*9/(-2). Suppose 28 + p = -5*h. Let m = 1 - h. What are the prime factors of m?
3
Let v = -53 + 110. Let c = -18 + v. What are the prime factors of c?
3, 13
Let n(d) = 23*d - 100. What are the prime factors of n(9)?
107
Let g be (-1 + 1)/(-1*2). Suppose -5*q + 95 = -g*q. Let t = 28 - q. What are the prime factors of t?
3
Let n(x) = -x**3 + x + 5. Let h be n(0). Suppose -4 = -w + 2. List the prime factors of w/(-15) - (-107)/h.
3, 7
Suppose 4*p + 40 = -4*f, -39 = 3*p + 5*f - 5. What are 